r(-6). Let g(h) = 3*h**2 - h - 3*h**3 + 4*h**w + 13 - 4*h**2. Calculate the remainder when g(0) is divided by 5.
3
Let j = -70 + 183. Calculate the remainder when j is divided by 19.
18
Let n = -5 - -5. Suppose -5*j + 2*r + 21 = n, 0 = -3*j + 6*r - 2*r + 7. Calculate the remainder when j is divided by 3.
2
Let o(y) = -6*y**2 + 8*y + 0*y**3 + y**3 - 3 + 3 - 3. What is the remainder when o(6) is divided by 12?
9
Let j = -83 + 122. Let r(q) = 5*q**3 + q - 1. Let a be r(1). Let g = 19 - a. What is the remainder when j is divided by g?
11
Let u = 9 - 1. Calculate the remainder when 16 is divided by u.
0
Let q(u) = -u**2 + 7*u + 1. What is the remainder when 40 is divided by q(5)?
7
Let t(j) = -6*j - 3. What is the remainder when t(-2) is divided by 3?
0
Let c = -37 + 21. Let s be ((-12)/c)/(1/4). Suppose -3*d + d + 8 = -5*n, s*n = -5*d + 20. What is the remainder when 10 is divided by d?
2
What is the remainder when ((-1)/3)/(1 + 2254/(-2247)) is divided by 24?
11
Let k = -19 + 27. Let x = 17 + -19. Calculate the remainder when k is divided by (0/x - -6)/2.
2
Calculate the remainder when 97 is divided by 28/(4*4/8).
13
Let u = -64 - -124. Suppose 90 = 3*h - u. Calculate the remainder when h is divided by 17.
16
Suppose -4*s - 17 + 85 = 0. What is the remainder when 62 is divided by s?
11
Calculate the remainder when 1/(((-5)/23)/(-5)) is divided by -39*((-4)/(-6) - 1).
10
Let b(p) = p**2 - 11*p + 9. Let t be b(9). Let f(i) = -3*i + 12. Let n be f(t). What is the remainder when (2 + 0)*n/6 is divided by 5?
3
Suppose -3*u + 6 = -0*u, -56 = -3*z - 4*u. Calculate the remainder when z is divided by 11.
5
Suppose -w + 15 = 2*w. Suppose 57 = w*m - 3. Suppose -b - 1 = -22. Calculate the remainder when b is divided by m.
9
Suppose 3*w + 2 = 11. Suppose 4*z - 12 = w*z. What is the remainder when 19 is divided by z?
7
Suppose -87 + 351 = 8*h. Calculate the remainder when 228 is divided by h.
30
Let w be 0*(20/6 + -3). Calculate the remainder when 1 - -2 - (w - 3) is divided by 2.
0
Let z = -18 - -36. Let p = z - 10. Calculate the remainder when 21 is divided by p.
5
What is the remainder when ((-296)/(-6))/(8/12) is divided by 25?
24
Suppose -j + 5*j = -16. Let w(a) = a**2 - a - 2. What is the remainder when 53 is divided by w(j)?
17
Suppose -b - 2*b = -5*c - 359, 5*c + 113 = b. What is the remainder when b is divided by 18?
15
Let f = -20 - -57. Let l be (-3)/2*10/(-5). Suppose n + l*n = 52. What is the remainder when f is divided by n?
11
Let r(d) = -7*d - 24. Calculate the remainder when r(-13) is divided by 14.
11
Let y(t) = 3*t**3 + t**2 - t + 1. Let o = -3 + 4. Let g be y(o). Suppose g*c - 5 = r + 3, 0 = 2*r - c - 19. What is the remainder when 35 is divided by r?
11
Let s(d) = -3*d + 2. Let p be s(0). Suppose 0 = -2*b + 2*h - 0*h + 46, -4*h - 14 = -b. Suppose -10 + b = p*v. Calculate the remainder when 14 is divided by v.
6
Let j = -17 + 22. Suppose 2*v = v - j*z - 7, 0 = -v + 3*z + 9. What is the remainder when v is divided by 3?
0
Suppose 0 = -y + 4*d + 12, 0 = -2*y - d + 5*d + 24. What is the remainder when 25 is divided by (-63)/y*24/(-9)?
11
Let l(x) = x**2 - 4*x - 3. Let u be l(5). Let g(f) = f**2 + 8*f + 8. Let c be g(-8). Let s = c + u. What is the remainder when s is divided by 6?
4
Suppose -6*u - 115 = -u. Let w = -14 - u. Let d = w - 4. Calculate the remainder when 8 is divided by d.
3
Suppose -g = 1 - 32. Let o = 1 - 1. Suppose z + 4*m = -o*z - 1, -m = -z + 14. Calculate the remainder when g is divided by z.
9
Let t = 3 + -2. Suppose 2 = -3*i + 5. What is the remainder when i is divided by t?
0
Let w be 2/(-4)*2*0. Suppose 3*j + v - 15 = 0, 0*v - 2*v = w. What is the remainder when 7 is divided by j?
2
Calculate the remainder when (-2 + 32/(-20))*-5 is divided by 4.
2
Let v(q) = -q - 4. Let g be v(-6). Let p be (0*3/(-3))/g. Suppose l - 19 = -3*a - a, -4*l + 3*a = p. What is the remainder when 7 is divided by l?
1
Suppose 4*u - 4 = 0, 0 = -i - 0*u + 4*u + 40. What is the remainder when i is divided by 15?
14
Suppose 0 = -t - 3*t + 40. Let b(y) = 4*y + y**3 - 7*y + 0 + 4 - 8*y + 10*y**2. What is the remainder when t is divided by b(-11)?
2
Let s(x) = x**2 + 8*x - 8. Let f be s(-9). Let j = 53 + f. Let h = -12 + j. Calculate the remainder when h is divided by 11.
9
Suppose 0 = -4*z - 2*b + 106, -2*b - 87 = -3*z - 6*b. What is the remainder when 99 is divided by z?
24
Suppose -13*v - 26 = -14*v. Let z = -18 + v. Calculate the remainder when 30 is divided by z.
6
Suppose 0 = -4*p - 3*v - 14, -v - v - 10 = 3*p. Let l(j) = 19*j**2 + 3*j + 1. Calculate the remainder when l(p) is divided by 18.
17
Suppose 3*g + 2 - 3 = -p, 4*p = -3*g + 49. Suppose -c = 5*m + c - 145, 0 = 2*c. What is the remainder when m is divided by p?
13
Suppose 13*q = 36 + 42. Calculate the remainder when 10 is divided by q.
4
Let j(i) = -28*i - 1. What is the remainder when j(-1) is divided by 9?
0
What is the remainder when 108/270 + (916/10 - -1) is divided by 12?
9
Let s(f) = 4*f - 1. Calculate the remainder when s(10) is divided by 11.
6
Suppose 0*i = 3*i + 9, 2*x = -i + 57. What is the remainder when x is divided by (15/4 - 1)*4?
8
Let f(o) = o**3 + 10*o**2 - 11*o + 7. Suppose 10 = -z - 1. Suppose 0*w + 12 = w. What is the remainder when w is divided by f(z)?
5
Suppose -j - 4*j = -190. What is the remainder when j is divided by 10?
8
Let z(h) = h**2 + 6*h. Suppose 2*m = 2 - 8. Calculate the remainder when z(-7) is divided by 1/(m/(-9)) - 0.
1
Let t = 10 + -7. What is the remainder when 2/t - 80/(-6) is divided by 5?
4
Let o be ((-1)/(-2))/((-1)/(-2)). Calculate the remainder when 3/(1/((-38)/(-3))) is divided by ((-30)/(-9))/(o/6).
18
Suppose -9 = -i - 2*a, 7*i = 4*i - a + 17. Suppose i*h + 9 + 6 = 0. Let z(n) = n**2 + 3. Calculate the remainder when z(h) is divided by 7.
5
Suppose -2*b = -2 + 4, -3*k - 2 = -b. Let s(h) = -h**3 + h**2 + 2*h + 2. What is the remainder when k*-1*(1 + 2) is divided by s(0)?
1
Suppose -912 - 1077 = -5*v - 2*g, 5*v - 2*g - 1981 = 0. Calculate the remainder when v is divided by 40.
37
Let r(p) = p**3 - 2*p**2 - 2*p + 3. What is the remainder when 11 is divided by r(3)?
5
Let g = 33 - 19. Suppose -l = -3 - 3. Suppose 0 = 3*o - l*o + 159. Calculate the remainder when o is divided by g.
11
Let s = -2 - -26. What is the remainder when 44 is divided by s?
20
Let s be (3 - 6)*(-53)/3. Suppose 2*n = s - 1. What is the remainder when n is divided by 9?
8
Suppose 21 = 3*h + 3*g, 0 = -5*h + g + 3*g + 17. What is the remainder when 12 is divided by h?
2
Suppose 22 = 3*h - 0*h + 4*f, 0 = 2*h + 3*f - 15. Calculate the remainder when 11 is divided by h.
5
Suppose -3*u - 21 = -3*m, 0 = 2*u - u + 1. Let o(h) = 14*h**2. Let n be o(-1). Suppose -10*f - 68 = -n*f. What is the remainder when f is divided by m?
5
Suppose 5*j - 88 = 2. Calculate the remainder when 107 is divided by j.
17
Let x be 2/9 + 220/(-18). Let q = x + 27. What is the remainder when 59 is divided by q?
14
Let l(b) = b**2 - 19*b - 14. Calculate the remainder when 1 + -1 + (-16)/(-1) is divided by l(20).
4
Suppose t + 23 = a - 4*t, -4*a + t = -111. Calculate the remainder when (-329)/(-3) + (-1)/(-3) is divided by a.
26
Suppose -y = 4*y - 105. Suppose 0*i - i + 11 = 5*n, -4*i + n + 23 = 0. What is the remainder when y is divided by i?
3
Suppose 0*s + 2*s - 162 = 0. Calculate the remainder when 47 is divided by s/36*32/6.
11
Suppose -2*n + 4*x = 3*n - 210, -3*n + 128 = -2*x. Suppose -4*s + 5*s = -32. What is the remainder when n is divided by ((-6)/4)/(3/s)?
14
Let o(u) = -39*u + 4. Let i be o(-5). Suppose 2*v - 3*l - 67 = 0, 3*l - i = -6*v + v. What is the remainder when v is divided by 20?
18
Suppose -j - r = -28, -3*j + 103 = j + r. Calculate the remainder when j is divided by 4.
1
Let r = 29 - 2. Suppose p + 0*p - 10 = 0. Calculate the remainder when r is divided by p.
7
Let i be 8/(-10)*3150/(-20). Suppose -h + 4*h = i. Suppose -r - 3*g = -h, g + g = -4*r + 158. Calculate the remainder when r is divided by 10.
9
Let k be (1 - 1)/2 - 1. Let y = 5 + k. Calculate the remainder when 10 is divided by y.
2
Suppose -2*c = -5*c + 12. Let o = 11 - c. What is the remainder when 11 is divided by o?
4
Let m(z) = 9 - z**2 + 2*z**2 + 0*z**2 - 7*z. Suppose 0 = -0*c - 4*c + 3*s + 8, -2*c - s + 14 = 0. 